 108/14 + 10/35. Let p be (-1 - 0)/(7/(-98)). Let k = p - 6. Calculate the highest common divisor of b and k.
8
Let t be 0/(16/(-24) + 2/(-6)). Suppose 0 = 5*o - 2*v - t*v - 85, 4*v = 0. Calculate the highest common factor of o and 17.
17
Let d = 243 + -234. What is the highest common divisor of d and 6?
3
Let y be (-1)/(2/8) + 15. Suppose -y = 4*n - 15. What is the greatest common factor of 2 and n?
1
Suppose 84757 = 66*a - 35693. Calculate the highest common factor of a and 73.
73
Let o(x) = -6*x + 2. Let t be o(1). Let w be (-9)/(-18) + (-578)/t. What is the highest common divisor of w and 29?
29
Suppose -418*v = -417*v - 123. What is the highest common divisor of v and 82?
41
Let g be 72 - ((-15)/(-3) - 2). Let a = g - 36. What is the highest common factor of a and 33?
33
Let z(u) = 86*u**3 - 4*u**2 + 3*u - 1. Let f be z(1). Calculate the greatest common divisor of f and 63.
21
Suppose 0 = -6*c + 19*c - 117. Calculate the highest common divisor of 39 and c.
3
Let t = -172 + 378. Let q = t - 110. Calculate the highest common factor of q and 12.
12
Let s = 602 + -446. Calculate the highest common factor of s and 24.
12
Let q = -21 + 35. Let i be (-6)/7 - 2/q. Let g be 0 - (2 + i - 17). What is the greatest common factor of g and 40?
8
Suppose 4*k + 5089 = 5217. Calculate the highest common divisor of 4 and k.
4
Suppose 2*y - 5*i = 221, 0*y - y + i = -109. Suppose -5 = -4*u + a + y, -5*u + 138 = 2*a. Let p = -20 + u. What is the highest common divisor of 24 and p?
8
Suppose 4*o + 4*w = 3916, -174*o + 178*o - 3896 = w. What is the highest common factor of o and 26?
13
Let h = -261 + 296. Suppose 20 = 6*x - 2*x. What is the greatest common divisor of x and h?
5
Let n = -51 + 58. Let k(q) = 2*q**2 + 10*q - 3. Let f be k(n). Calculate the highest common divisor of f and 55.
55
Suppose -4*s = -6*s + 12. Suppose w - s = -1. Suppose -4*t - w*p + 116 = 0, -4*t = -4*p - 52 - 28. What is the highest common factor of t and 8?
8
Suppose -126 = 3*b - 351. Suppose 0 = 2*r - 86 - 64. Suppose 5*p = -0*p + r. Calculate the highest common factor of p and b.
15
Let p = 327 - -186. Calculate the highest common divisor of 57 and p.
57
Let d(u) be the second derivative of 34*u**5/5 - u**4/12 + u**3/3 - u**2/2 - 3*u. Let g be d(1). Calculate the greatest common divisor of 17 and g.
17
Let l be 4*(0 + -1)/(-2). Let a(z) = 5*z - 25. Let y be a(9). Suppose -h + 5*h = y. Calculate the greatest common factor of h and l.
1
Suppose 0*z = -2*z + 70. Suppose 151 = 4*r - 133. Suppose r = 3*x + 29. What is the highest common divisor of x and z?
7
Let s(w) = w**3 - 10*w**2 + 2*w - 15. Let r be s(10). Suppose 0 = -4*v + 10 - 14. Let n be (3 + 144/(-3))*v. What is the greatest common factor of n and r?
5
Suppose -75*g = -64*g - 9867. What is the greatest common divisor of 138 and g?
69
Suppose 39*i - 32*i - 112 = 0. What is the greatest common factor of 4 and i?
4
Suppose 0 = 57*c + 462 - 3825. Suppose 4*r - 177 = r. Calculate the highest common factor of c and r.
59
Suppose -41*l - 12768 = -62*l. What is the greatest common factor of l and 19?
19
Let r be (3 - 21/14)*10. Calculate the highest common factor of r and 50.
5
Let h = -132 + 74. Let o = h + 90. Calculate the highest common divisor of 16 and o.
16
Let u(p) = p**3 - 8*p**2 + 8*p + 38. Let g be u(7). Calculate the greatest common factor of 360 and g.
45
Suppose 198 + 75 = 3*q. Let n be (-2)/(1/(-3) - q/(-336)). Calculate the greatest common factor of 40 and n.
8
Let a = 6 - 0. Let l(z) = 2*z - 7. Let g be l(a). Suppose -82 = -28*o - 26. Calculate the greatest common divisor of o and g.
1
Let k(q) = q**3 - 4*q**2 + q + 1. Let n be k(4). Let w(d) = -d - 11. Let b be w(-7). Let y = 5 + b. Calculate the highest common divisor of y and n.
1
Let x be 19/2 + (-1)/(-2). Let z = 12 + 3. Suppose z*g = 426 + 1224. What is the highest common factor of x and g?
10
Suppose 6*n - 84 = 12. Suppose 13*x - 65 = -13. Calculate the highest common factor of n and x.
4
Let a = -6 + 11. Let n(c) = 5*c**2 + 8*c - 11. Let j be n(a). Let m be (j/8)/(19/76). Calculate the greatest common factor of m and 11.
11
Suppose 3*h + 1 - 19 = -4*w, h = 4*w + 6. Let p be (-28)/h*(-120)/28. What is the highest common factor of 4 and p?
4
Let r be 9/(2 - -1) + 19. Let p(k) = -k**3 + 14*k**2 - 12*k - 17. Let l be p(13). Let t be 4/(-8) - r/l. Calculate the highest common factor of t and 30.
5
Suppose 10*v = 3622 + 1028. What is the highest common factor of 15 and v?
15
Suppose -a + 4*f = -81, 5*f + 8 = 3*f. Suppose 0 = 2*y - 19 - a. What is the highest common factor of 105 and y?
21
Let g be (323/(-510) + (-4)/(-30))*-1612. Calculate the greatest common factor of g and 52.
26
Let u be -1*(-1)/2*(-20 + 72). Suppose -3*m - u = -110. What is the highest common factor of 14 and m?
14
Let f(o) = -o**3 + 8*o**2 - 5*o - 1. Let r be f(6). Let j = r - 16. Let l = 9 - 4. Calculate the greatest common divisor of l and j.
5
Let n = 11 - -39. Suppose 2*j = 10 + n. Calculate the greatest common factor of j and 20.
10
Suppose -m - u = 2*u + 8, 4*u = 3*m - 41. Suppose 11*l = m*l. Let s = 14 - l. Calculate the highest common divisor of 42 and s.
14
Let l(i) = -14*i + 322. Let s be l(22). What is the greatest common divisor of 3234 and s?
14
Let v(a) be the first derivative of 2*a**3/3 - 7*a**2 + 13*a + 17. Let n be v(6). What is the highest common divisor of 11 and n?
1
Let t(c) be the first derivative of 1/3*c**3 - 5 + 7*c - 3/2*c**2. Let w be t(-8). What is the greatest common divisor of 19 and w?
19
Suppose -4*u + 75 = u. Let d = 335 - 230. Calculate the highest common divisor of u and d.
15
Let g = -1492 - -1682. Calculate the greatest common divisor of g and 1235.
95
Let x be (-3)/(-12) + 293*3/(-12). Let u = -52 - x. What is the highest common factor of u and 84?
21
Let j(t) = -t**2 - 4*t + 6. Let m be j(-7). Let k = m + 60. Calculate the highest common factor of k and 30.
15
Let b(p) = -10*p + 6. Let j be b(-10). Let d = j - 52. Let z(l) = -l**2 + 7*l. Let h be z(6). Calculate the greatest common divisor of h and d.
6
Suppose 21*o + 1460 = 24*o + 4*g, -945 = -2*o + 3*g. What is the greatest common factor of 60 and o?
60
Suppose -r - 20 = -11*r. Suppose -6*u = r*u - 72. Suppose 4*d = -0*p + 2*p + 6, -5*p + 4*d = 3. What is the highest common divisor of u and p?
1
Suppose -281 = -9*u + 151. Calculate the greatest common divisor of 304 and u.
16
Let z = 269 - 256. What is the greatest common factor of 143 and z?
13
Let t = -39 - -67. Let i = 181 - 123. Suppose 0 = -2*q + 26 + i. Calculate the greatest common divisor of q and t.
14
Suppose 4*g - 80 - 40 = 0. Suppose -q + g + 8 = 0. Let s be ((-6 - -22) + 3)*1. What is the highest common factor of q and s?
19
Let m be 650 - (2 + 1 + -4). What is the highest common divisor of 93 and m?
93
Let j(l) = -2*l + 5. Let b be j(4). Let c be b/(9/(-15)) - 1. Suppose -3*h - 5*m + 101 = 0, 2*h - 4*m = 32 + 28. What is the greatest common factor of c and h?
4
Let s(y) = y**3 + 6*y**2 + 2*y + 4. Let j be s(-5). Suppose -5*n + 4*n = -514. Let u = -362 + n. What is the highest common factor of j and u?
19
Suppose -5 = -d - 2*z, 2*d - z - 17 + 12 = 0. Suppose d*g - 15 = -9. Calculate the highest common factor of g and 8.
2
Let g = 272 - 246. What is the highest common divisor of g and 1196?
26
Suppose 11*b - 374 = 10*b. Let c be 10/(-45) - (-308)/9. Calculate the greatest common divisor of b and c.
34
Suppose 576 = 33*l - 15*l. Suppose 0 = 3*g - 4*g + 3*i - 7, -i - 19 = -3*g. Calculate the greatest common divisor of l and g.
8
Suppose -k + 2*m - 355 = -1860, -3*m + 1510 = k. What is the highest common divisor of 11 and k?
11
Let q(z) = 8*z + 1. Let w be q(3). Suppose 5*c - 60 = -2*m, -23*c - m + 35 = -20*c. What is the greatest common divisor of w and c?
5
Suppose 0 = v + 1, -r - 3*v = 2 - 5. Suppose 5*s - r = 2*s. Suppose 2*l - 48 = -3*f, 4*l = -f - 11 + 87. Calculate the highest common factor of l and s.
2
Let b(f) = f**2 - 19*f - 105. Let a be b(24). Calculate the highest common divisor of 45 and a.
15
Let q(l) = -17*l**3 - l**2 + l + 6. Let h be q(-2). Calculate the greatest common factor of 34 and h.
34
Let m = 4 - 1. Let n be 10/m - 7/21. Suppose 2*s + 20 - 26 = 0. What is the highest common factor of n and s?
3
Suppose 6*s - 232 